z - 387, -a + j = -5*z + 83. List the prime factors of a.
5
Let a(n) = 10*n + 25. Let o be a(-2). Suppose c - x - 473 = 0, 486 = -3*c + o*x + 1899. What are the prime factors of c?
2, 7, 17
Let v(y) = -2*y**3 + 3*y**2 - 53*y - 307. List the prime factors of v(-14).
17, 383
Let s(z) = -z**3 - 2*z**2 + 5*z + 6. Let f be s(-3). Suppose f*k + 28 = 14*k. What are the prime factors of 5/15*(230 - k)?
2, 19
Let h be (-10)/4*222/(-185). List the prime factors of 1/h*9 + 24.
3
Let f be ((-85)/15)/(2/(-150)). Let n = -354 + f. What are the prime factors of n?
71
Suppose -4*r = -b - 4, -4*b = -0*b - 4*r + 4. Let f(z) = 52 - 2*z**3 + z**3 - 2*z - 16 + 24. List the prime factors of f(b).
2, 3, 5
Suppose 5*p - 4*t = 0, 2*p + t = 4*t. Suppose -447*f = -442*f - 5*d - 20, -4*d = 5*f - 29. Suppose 4*n - f*n + 77 = p. What are the prime factors of n?
7, 11
Let g = 51434 - 30398. List the prime factors of g.
2, 3, 1753
Suppose 0 = 5*k + b - 72315, 79*k - 80*k + b = -14457. List the prime factors of k.
2, 7, 1033
Suppose 141329 = 19*g + 12*g. List the prime factors of g.
47, 97
Let a = 136 - 109. Suppose a*q = 42*q - 6345. List the prime factors of q.
3, 47
Let o be ((-12)/(-10))/((-4)/(-10)). Suppose 5*u = 5*s - 2210, -o*s + u - 58 = -1374. Let c = -239 + s. What are the prime factors of c?
2, 3, 11
Let m(j) = -83*j + 4 + 27*j + 0 - 4*j. List the prime factors of m(-5).
2, 19
Let x(u) = -u**2 + 28*u + 30. Let j be x(26). Suppose -1 - 13 = -5*f + 3*s, 5*f + 5*s = 30. Suppose -314 = -f*z - j. What are the prime factors of z?
2, 29
Let p(w) = -w**2 + 17*w - 59. Let v be p(10). Let c(f) be the second derivative of f**4/12 - 2*f**3/3 + 15*f**2/2 - f. List the prime factors of c(v).
2, 23
Suppose 989 = g + 966. Suppose -g*p = 19*p - 45654. What are the prime factors of p?
1087
Let j(m) = -2*m**2 + 14*m - 13. Let q be j(5). Suppose -3*k + 419 = g - q*k, 853 = 2*g - 3*k. What are the prime factors of g?
431
Suppose 11*g + 10*g + 315 = 0. What are the prime factors of (-1638)/(-10) + 12/g?
163
Let o(g) = 7*g + 7. Let a be o(-1). Suppose -7*c + 796 + 373 = a. What are the prime factors of c?
167
Let t(k) = 2*k + 18. Let c be t(-6). Suppose c*g = -1335 + 9693. What are the prime factors of g?
7, 199
Suppose p = i + 919, p - 12*i + 8*i - 922 = 0. List the prime factors of (6/2 + 0)*p/17.
2, 3
Let d be 67448/80*2 - (-4)/(-20). Suppose -12*l - d = -8790. List the prime factors of l.
2, 37
Let d = 387 + -49. Let b = 227 - d. Let r = 165 + b. What are the prime factors of r?
2, 3
Suppose -3*k = 4*n + 860, 45 + 363 = -2*n + 4*k. Let p be n/(3/6 - 2/(-4)). Let w = 309 + p. What are the prime factors of w?
97
Suppose 57*g + 121819 + 1589877 = 193*g. List the prime factors of g.
2, 7, 29, 31
Let r = -1884 + 2664. Suppose -5*m + 235 = -r. List the prime factors of m.
7, 29
Suppose -17*y + 13*y + 5760 = 0. Suppose 7*a + a - y = 0. What are the prime factors of a?
2, 3, 5
Suppose 0 = p - 10*p + 45. Suppose -p*h + 36 + 204 = 0. Let c = 70 + h. List the prime factors of c.
2, 59
Let c be 270/9*(2 - 3 - 32). Let o be ((-2)/(-5))/((-9)/c). What are the prime factors of ((-375)/60)/((-1)/o)?
5, 11
Suppose 0 = 324*t - 6279369 - 4172223. List the prime factors of t.
2, 127
Let a be 55*-2*205/(-25). Let p = a - 427. List the prime factors of p.
5, 19
Suppose 3*h - 133431 = f + 5341, -3*h + 138820 = 5*f. List the prime factors of h.
2, 3, 5, 257
List the prime factors of (-48)/(((-9)/(-18))/(6350/(-30))).
2, 5, 127
Suppose p - 4981 = -2*h, 100*h - 105*h = -2*p + 9980. List the prime factors of p.
5, 997
Let n(v) = 1933*v**2 + 29*v - 122. What are the prime factors of n(4)?
2, 15461
Suppose 24*u - 48*u = -65976. Let i = u + -1581. What are the prime factors of i?
2, 73
Suppose x = 5*w - 6, -x + 1 = -0*w + 2*w. Let y be -3 - (-2 - 120/(-4))*x. Let u = y - 9. List the prime factors of u.
2
Suppose 37 = 2*g - 5*i, 0 = 2*i - 2. Suppose 4*o - 2*u + 10 = -4, 3*o + g = -2*u. Let n(z) = z**2 - 7*z - 14. What are the prime factors of n(o)?
2, 23
Let y be -3 - (58/(-10) + (-108)/(-135)). Suppose -4*x - y*s = -1312, 4*x - 4*s - 723 = 589. List the prime factors of x.
2, 41
Let n be ((135/(-10))/(-1))/(2/(-4)). Let u be (-33)/n + -1 - (-3976)/9. Suppose 7*q - u = 230. What are the prime factors of q?
2, 3
Let d(r) = 4587*r + 11019. What are the prime factors of d(8)?
3, 5, 3181
Suppose 3*h - 1208 = 5*q + 623, 4*h - 3*q = 2423. Suppose 0 = -5*n - 2*d - 1946, -1558 = 4*n + 2*d - 0*d. Let o = n + h. What are the prime factors of o?
2, 107
Let n = -17 + 61. Let k = -758 + -309. List the prime factors of k/n*(-2 + 4/(-2)).
97
Suppose -189 + 49 = -20*d. Suppose 2*m + 5*o - d - 531 = 0, -m = 4*o - 272. List the prime factors of m.
2, 3, 11
Suppose -201352 = -13*o - 25397. What are the prime factors of o?
5, 2707
Suppose 4*f - 2*f = -3*s + 13, -2*s = 5*f - 16. Let w(a) = 99*a**2 + 4*a - 6. Let m be w(f). Let y = 600 - m. What are the prime factors of y?
2, 101
Let z(j) = 135*j**2 + 107*j + 546. List the prime factors of z(-5).
2, 1693
What are the prime factors of 4/(-14) + 1353120/168?
2, 4027
Let z(t) = 4*t**2 - 5*t + 4. Let x be z(1). Suppose -11*g = -10*g + v - 462, -1383 = -x*g - 4*v. What are the prime factors of g?
3, 5, 31
Let j = -3222 + 3528. List the prime factors of j.
2, 3, 17
Let h(u) = u + 1. Suppose 0 = -5*x - 5*l, -3*l - 6 = -x - 2*x. Let p(v) = 5*v**2 + 11*v + 7. Let b(k) = x*p(k) - 5*h(k). List the prime factors of b(-4).
2, 29
Suppose 306 = n - 2*a - a, -n + 2*a = -308. Suppose -5*t + n - 67 = 0. Suppose t + 379 = 4*x. What are the prime factors of x?
107
Let d(t) = t**3 + 12*t**2 - 18*t - 9. Let p(u) = -u**2 + u. Let l(o) = d(o) - 2*p(o). Let w = -25 - -10. What are the prime factors of l(w)?
2, 3, 11
List the prime factors of (-55680)/(-11) + (-26)/(-143).
2, 2531
Suppose -3*s = -4*q + s + 8, 5*q + s - 10 = 0. Suppose -4*m + 729 = q*j - 3*m, 5*j - 1827 = -4*m. List the prime factors of j.
3, 11
Let p(r) = r**2 - 9*r - 26. Let m(v) = -v**2 + v. Let c(f) = -4*m(f) - p(f). List the prime factors of c(7).
2, 13
Let i = 1470 + -586. Suppose -10*n = -6*n - i. Let q = n + -122. List the prime factors of q.
3, 11
Let g(t) = -13*t + 819. Let f be g(63). Suppose -3*c + c + 834 = 0. Suppose f = 2*k - 4*l - 472, 0 = -5*k - 5*l + 748 + c. What are the prime factors of k?
2, 3, 13
Let a = 44326 + -6340. List the prime factors of a.
2, 3, 13, 487
Let c = -352 - -371. Suppose 0 = 4*w - 7 + c, w - 659 = -v. What are the prime factors of v?
2, 331
Let w be 184 - (-6*(-1)/6 + -2). Let x = w - -182. List the prime factors of x.
367
Suppose -y - 4 = 0, 53*u + y = 50*u + 7265. List the prime factors of u.
2423
Let j be (0 - (-4)/6)*-45. Let y(b) = 14*b - 129. Let z be y(9). List the prime factors of (j/(-4))/(z/(-10)).
5
Suppose 5 = -27*a + 86. Suppose 5*t + 2492 = a*o, 4*t = -4*o - t + 3276. List the prime factors of o.
2, 103
Let t = 9769 + -4203. List the prime factors of t.
2, 11, 23
Suppose 3*p = 4*u + 33407, -2*p - 3*u - 860 = -23171. What are the prime factors of p?
3, 5, 743
Let d(o) = 2*o + 13. Suppose -5*l + 6 = -39. Let j be 8/12*2*l. List the prime factors of d(j).
37
Let v(f) = -f**2 - 5*f. Let w be v(-6). Let k(t) = -t**3 - 5*t**2 + 16*t + 10. Let p be k(w). Let y = 6 - p. What are the prime factors of y?
2, 7
Let c be -2*(5 + -10 + 4). Suppose 2*v - 586 = c. List the prime factors of v.
2, 3, 7
List the prime factors of (-14144303)/(-287) - 6/21.
13, 17, 223
Suppose 44*o - 3*j - 30178 = 40*o, -22630 = -3*o + 4*j. What are the prime factors of o?
2, 7, 11
Suppose 2*f = -j + 18, 0 = 5*j - 2*j + 2*f - 34. Let r(n) = -n**2 + 5*n**2 - 4*n - n**2 - 43. What are the prime factors of r(j)?
3, 13
Let a = -90 + 94. Suppose 0 = 4*t - a*t - 3*t. Suppose -2*v + 1324 = 5*b + 220, t = 3*b - v - 669. List the prime factors of b.
2, 3, 37
Suppose 25*k + 4*k + 21141 = 0. Let t = -355 - k. List the prime factors of t.
2, 11, 17
Let i = -426 - -61. Let p = i - -1082. What are the prime factors of p?
3, 239
Let q = 156 + -160. List the prime factors of -32*(59/q + -1).
2, 3, 7
Let w(k) = -k**3 - 14*k**2 - 13*k - 61. Suppose -27*b = 318 + 60. List the prime factors of w(b).
11
Let k = 6 - 7. Let z be 4 - k/(2/8). Suppose 0 = 3*g - z*g + 165. What are the prime factors of g?
3, 11
Let w = -30 + 12. Let y = w + 18. Lis